 65*u + 176. Calculate b(-5).
-149
Let v(z) = -z**3 + 17*z**2 - 34*z + 2. Determine v(11).
354
Let r(f) = 64*f - 2631. Determine r(35).
-391
Let m(c) = 116*c + 664. Give m(-6).
-32
Let l(o) = -o**3 - 103*o**2 + 202*o + 20803. Determine l(-103).
-3
Let a(p) = p**3 + 12*p**2 - 3*p + 977. What is a(-16)?
1
Let i(k) = k**3 - 24*k**2 + 36*k - 13. Determine i(20).
-893
Let o(r) = 2*r**2 - 72*r - 81. Give o(31).
-391
Let k(g) = -246*g - 4257. What is k(-16)?
-321
Let h(k) = 8*k - 14. What is h(3)?
10
Let z(n) = n**3 + 7*n**2 - 18*n - 34. What is z(-7)?
92
Let s(n) = -n - 92. Determine s(11).
-103
Let b(z) = -z**3 - 6*z**2 + 138*z + 289. Give b(-2).
-3
Let t(r) = -r**3 + 10*r**2 + 97*r - 24. Determine t(16).
-8
Let v(g) = -64*g + 1976. Calculate v(31).
-8
Let b(r) = -7*r**2 + 63*r + 952. What is b(17)?
0
Let j(k) = -3*k**3 + 205*k**2 - 68*k + 13. What is j(68)?
13
Let a(o) = o**3 - 63*o**2 - 104*o - 1654. Give a(65).
36
Let h(q) = -806*q + 15317. Determine h(19).
3
Let s(k) = 79*k + 11372. Calculate s(-144).
-4
Let j(k) = -k**2 - 20*k - 79. Give j(-15).
-4
Let l(h) = 1331*h + 11. Give l(0).
11
Let j(r) = 20*r**2 - 154*r - 39. Give j(8).
9
Let l(p) = p**3 - 16*p**2 - 21*p + 68. What is l(17)?
0
Let k(t) = -t**3 - 28*t**2 - 56*t - 2. Calculate k(-26).
102
Let w(a) = -5*a**3 - 133*a**2 - 75*a + 83. Give w(-26).
5
Let q(i) = i**3 - 47*i**2 + 237*i + 1726. Determine q(40).
6
Let o(s) = -83*s + 364. What is o(4)?
32
Let i(k) = -k**3 - 51*k**2 - 90*k + 345. What is i(-49)?
-47
Let h(c) = c - 8. Calculate h(0).
-8
Let p(f) = 2*f**2 - 92*f - 1275. What is p(57)?
-21
Let k(v) = 32*v - 50. Give k(9).
238
Let r(o) = -12*o**3 + 74*o**2 - 15*o - 8. Give r(6).
-26
Let i(t) = t**2 + 11*t - 6. Determine i(5).
74
Let u(j) = -2*j**3 - 21*j**2 - 14*j + 46. Give u(-6).
-194
Let m(c) = -c**2 + 49*c + 166. Calculate m(0).
166
Let d(b) = -15*b - 274. Calculate d(-10).
-124
Let n(i) = i**3 + 11*i**2 - 4*i + 15. Give n(-11).
59
Let d(n) = 9*n**2 - 11*n + 60. Calculate d(5).
230
Let i(a) = -2*a**2 - 29*a - 170. What is i(-19)?
-341
Let s(u) = u**2 + 14*u + 8. Calculate s(-13).
-5
Let g(o) = -o**3 - 8*o**2 + 12*o + 61. Determine g(-8).
-35
Let n(c) = 6*c**2 - 38*c + 45. Calculate n(10).
265
Let t(g) = -g**2 + 53*g - 20. Give t(0).
-20
Let y(q) = -73*q - 12. Give y(-9).
645
Let t(q) = -101*q + 6807. Calculate t(67).
40
Let b(t) = t**2 + 23*t - 399. Calculate b(-35).
21
Let c(d) = -5*d**2 + 124*d - 493. Give c(20).
-13
Let t(x) = x**3 - 5*x**2 - 7*x - 20. Give t(5).
-55
Let x(g) = -g**3 + 13*g**2 - 19*g - 31. Calculate x(10).
79
Let a(h) = 4*h**3 - 20*h**2 - 13*h - 2. Determine a(6).
64
Let d(g) = -3502*g - 10499. What is d(-3)?
7
Let d(u) = -3*u**3 + 13*u**2 + 19*u - 46. What is d(5)?
-1
Let z(n) = 2*n**2 - 19*n - 18. What is z(18)?
288
Let n(m) = m**2 - 942*m + 7514. Determine n(8).
42
Let w(y) = -y**3 + 22*y**2 - 6*y - 705. Determine w(0).
-705
Let s(m) = -17*m**2 + 8*m - 27. Calculate s(4).
-267
Let l(b) = -b**3 - 22*b**2 + 63*b + 258. Give l(-24).
-102
Let l(u) = -87*u + 1128. Give l(13).
-3
Let n(u) = 2*u**3 - 16*u**2 - 75*u + 65. Calculate n(11).
-34
Let b(o) = 2*o**2 - 235*o + 6047. Give b(39).
-76
Let i(u) = 33*u**2 + 12*u - 22. Give i(2).
134
Let q(u) = 2*u**2 - 17*u + 27. Determine q(16).
267
Let w(z) = z**2 + 30*z - 231. Determine w(-37).
28
Let l(p) = 7*p**2 + 14*p - 1. Give l(-2).
-1
Let j(s) = -9*s + 13. Determine j(-17).
166
Let i(p) = -2*p**2 - 26*p - 416. Determine i(-16).
-512
Let y(r) = -720*r + 6490. Calculate y(9).
10
Let u(b) = -6*b**2 - 37*b + 160. Give u(4).
-84
Let f(v) = -3*v**2 + 399*v - 796. What is f(2)?
-10
Let w(d) = 2*d**3 + d**2 - 82*d - 13. Calculate w(-6).
83
Let y(r) = 16*r**2 - 56*r - 36. Give y(4).
-4
Let y(f) = 10*f**2 - 129*f + 39. Determine y(14).
193
Let i(l) = -l**3 + 89*l**2 - 358*l + 1523. What is i(85)?
-7
Let v(l) = l**2 - 21*l - 4. Calculate v(4).
-72
Let t(n) = n**2 + 1090*n + 15079. What is t(-14)?
15
Let m(h) = 39*h - 1652. Calculate m(43).
25
Let k(s) = -s**2 - 48*s - 278. Determine k(-6).
-26
Let a(n) = n**3 + 28*n**2 + 39*n + 1260. What is a(-28)?
168
Let c(o) = -3*o**3 - 6*o**2 - 20*o - 55. Determine c(-3).
32
Let m(i) = 71*i**2 + 141*i + 9. Calculate m(-2).
11
Let z(a) = -13558*a + 162716. Determine z(12).
20
Let s(w) = -15*w + 1390. Give s(96).
-50
Let z(w) = 53*w**2 + 164*w + 1. Give z(-3).
-14
Let m(s) = -4*s + 359. Calculate m(92).
-9
Let i(r) = 5*r**3 - 3*r**2 + 116*r + 230. What is i(-2)?
-54
Let v(u) = -9*u**2 + 8. Give v(0).
8
Let z(l) = -123*l - 10874. Determine z(-88).
-50
Let s(u) = 3*u**2 + 27*u + 20. What is s(-10)?
50
Let h(w) = 18*w - 189. What is h(23)?
225
Let k(h) = h**2 - 109*h - 1057. What is k(-9)?
5
Let k(x) = -1091*x + 7597. Calculate k(7).
-40
Let w(o) = -363*o + 7627. What is w(21)?
4
Let i(h) = 94*h - 6203. Give i(66).
1
Let o(k) = -55*k**2 - 441*k - 16. Calculate o(-8).
-8
Let d(p) = 2502*p + 70044. What is d(-28)?
-12
Let g(a) = -10*a**2 + 524*a - 4839. Give g(12).
9
Let h(v) = v**2 + 113*v + 1595. Give h(-17).
-37
Let n(b) = -6*b**2 - 94*b - 292. Calculate n(-3).
-64
Let k(q) = -q**3 - 43*q**2 - 83*q - 152. Give k(-41).
-111
Let m(y) = 10008*y + 40034. What is m(-4)?
2
Let k(i) = i**3 - 11*i**2 + 16*i + 16. What is k(9)?
-2
Let m(p) = p**2 - 250*p + 8724. Calculate m(208).
-12
Let l(t) = 6*t**3 - 122*t**2 + 41*t - 41. Determine l(20).
-21
Let q(o) = 1372*o + 49390. Give q(-36).
-2
Let s(g) = -g**2 + 38*g - 45. Calculate s(40).
-125
Let o(g) = -g**2 + 282*g - 9690. Determine o(40).
-10
Let a(g) = -g**3 - 11*g**2 - 5*g + 6. What is a(-7)?
-155
Let q(i) = 3*i**2 + 28*i + 179. Calculate q(-7).
130
Let a(m) = m**2 - 5*m - 54. Calculate a(0).
-54
Let p(x) = -52*x + 531. Determine p(10).
11
Let f(j) = 6*j**2 - 278*j + 2381. Determine f(35).
1
Let h(o) = -o**3 - 8*o**2 + 45*o - 15. What is h(-12)?
21
Let x(p) = -p**2 - 82*p + 584. What is x(7)?
-39
Let g(h) = h**3 + 33*h**2 - 59*h - 3803. Calculate g(-31).
-52
Let r(o) = 8*o**3 + 59*o**2 + 54*o - 4. Determine r(-1).
-7
Let j(s) = s**3 - 5*s**2 + 3*s - 21. Calculate j(6).
33
Let l(r) = 2*r**3 - 3*r**2 + 8*r + 5. Determine l(5).
220
Let i(f) = f**2 - 18*f - 96. Calculate i(30).
264
Let a(p) = 25*p**2 + 1298*p - 80. What is a(-52)?
24
Let s(d) = d**2 - 20*d + 81. Give s(12).
-15
Let v(o) = -o**3 - 5*o**2 + 16*o + 19. What is v(-9)?
199
Let t(f) = -12*f**2 + 8*f - 1. Calculate t(6).
-385
Let o(p) = -p**2 - 73*p - 1178. Determine o(-24).
-2
Let s(n) = 2*n**2 + 26*n + 296. Determine s(-13).
296
Let u(p) = p**2 - 46*p - 1338. Determine u(-20).
-18
Let k(m) = -9*m**3 - 2*m**2 + m - 1. Determine k(-2).
61
Let g(p) = -8*p**2 + 783*p + 91. What is g(98)?
-7
Let c(x) = -x**2 + 884*x + 62. Determine c(0).
62
Let n(k) = -2*k**3 + 6*k**2 + 8*k - 89. Give n(0).
-89
Let f(c) = -7*c**2 + 86*c - 29. What is f(10)?
131
Let p(j) = j**3 + 6*j**2 + 28*j + 495. What is p(-9)?
0
Let c(x) = -17*x**2 - 129*x + 48. Calculate c(-8).
-8
Let i(j) = -j**3 - 40*j**2 + 201*j - 7. Calculate i(4).
93
Let q(c) = -154*c + 8626. What is q(56)?
2
Let q(u) = -u**3 + 5*u**2 + 19*u - 76. Give q(5).
19
Let m(z) = 5364*z + 139461. Give m(-26).
-3
Let m(t) = t**3 + 52*t**2 + 180*t + 28. Give m(-48).
604
Let v(c) = 298*c - 909. Determine v(3).
-15
Let h(y) = -y**3 - 2*y**2 + 24*y - 2. Determine h(-4).
-66
Let y(x) = 31*x + 469. Give y(-9).
190
Let m(a) = -2*a**2 - 51*a + 1120. Calculate m(15).
-95
Let f(k) = -175*k**3 - k**2 - 5*k - 3. Determine f(-1).
176
Let d(k) = -k**3 - 71*k**2 + 134*k - 880. Calculate d(-73).
-4
Let l(h) = h**2 + 60*h + 259. Give l(-48).
-317
Let t(o) = 103*o - 266. Calculate t(3).
43
Let j(t) = 105*t**2 - 1051*t + 9. Calculate j(10).
-1
Let x(g) = -g**2 + g + 36. Give x(7).
-6
Let a(j) = -6*j**2 - 993*j + 510. Calculate a(-166).
12
Let z(j) = 3*j**2 + 22*j + 37. Calculate z(-5).
2
Let c(o) = o**3 + 57*o**2 + 12*o + 607. What is c(-57)?
-77
Let t(y) = -9*y - 192. What is t(-73)?
465
Let j(w) = 177*w + 1995. Calculate j(-11).
48
Let u(s) = -5296*s - 15890. Determine u(-3).
-2
Let v(d) = d**3 + 85*d**2 + 542*d - 315. What is v(-78)?
-3
Let m(f) = -2*f**2 + 65*f + 425. Give m(-5).
50
Let j(q) = 45*q + 1314. What is j(-28)?
54
Let n(h) = 37*h - 55. Determine n(-6).
-277
Let x(a) = a**2 - 35*a - 138. Give x(39).
18
Let x(m) = m**2 + 30*m - 77. Give x(-32).
-13
Let n(i) = 2*i**2